 Suppose 3 = 3*g, 5*j + 2*g - 402 = -0*j. What is the highest common divisor of j and s?
10
Let h(l) = l**3 + 8*l**2 - l - 5. Let b be h(-8). Let a be (b/(-6))/((-3)/(-3396)). Let w be a/(-6) + 4/6. What is the greatest common divisor of 19 and w?
19
Let x be 0 + (-1 - -88) + -2. Let l be 4 + (3 - (-12 - -2)). What is the greatest common factor of l and x?
17
Suppose w - 3 = 3*r - w, 3*w - 4 = 4*r. Let b be 16*r*(-2)/4. Let q = b + -5. What is the greatest common factor of q and 21?
3
Let q(y) = -2*y - 1. Let r = 1 + -3. Let m be q(r). Calculate the highest common divisor of m and 3.
3
Let b be 1*3/((-6)/10). Let t = 9 + b. Suppose 2*x + 20 = t*x. What is the greatest common factor of x and 50?
10
Let n(x) be the first derivative of x**3/3 - 3*x**2/2 - x + 2. Let j be n(-2). Let s = 25 - 24. What is the highest common factor of s and j?
1
Suppose 3*k - 5*f - 9 = -2, -3*k = 3*f - 15. Suppose -3 = -3*n - 2*c, 4*n - 5*c + c = 4. Let z = 5 - n. Calculate the greatest common factor of k and z.
4
Let i = 296 - 192. Let t = 14 - 1. What is the greatest common factor of t and i?
13
Suppose -2*a = -3*d - 4, -3*d + 0*d - 2*a = -16. Suppose 6*o - 16 = d*o. Suppose -o*t + 393 + 219 = 0. Calculate the greatest common divisor of t and 17.
17
Suppose k + 2*k - 6 = -4*m, -4 = -2*k - 4*m. Let x be k/(7/(14/4)). What is the greatest common factor of x and 4?
1
Let i(w) = -7*w**3 + w**2 - 2*w. Let b be i(-2). Let c = b + -108. Let a = 68 + c. Calculate the highest common factor of 4 and a.
4
Suppose -2*t + 43 = 5*g - 113, -5*t - 2*g = -348. Let f(h) = h + 7. Let o be f(10). What is the highest common factor of t and o?
17
Let b be -5*((-3)/(-7) + 38/(-7)). What is the highest common factor of b and 100?
25
Let k(p) = p**3 - p**2 + 3*p + 63. Let v be k(0). Calculate the highest common divisor of 9 and v.
9
Let n(k) = -9*k. Let x be n(-4). Let y = 22 + -13. Calculate the greatest common divisor of x and y.
9
Suppose -3*g - 73 = 53. Let n be 68/3 + 28/g. Calculate the greatest common divisor of 2 and n.
2
Let i = 82 - 10. What is the highest common factor of 8 and i?
8
Let p(i) = 3*i**2 - 8*i + 4. Let o be p(-6). Suppose 0*z - 4*l = 4*z - 96, 5*l = z. Calculate the greatest common divisor of o and z.
20
Let a(h) = -h**3 - 8*h**2 - 6*h + 9. Let v be (9/4)/((-6)/24). Let q be a(v). What is the greatest common factor of 16 and q?
16
Let u be -3*1*12/(-9). Let r = u + -2. Calculate the highest common divisor of r and 22.
2
Suppose 3*x - x - 56 = 0. Suppose -20 - x = -2*q. What is the highest common factor of 60 and q?
12
Let k(j) = -j**3 + 5*j**2 + 7*j + 6. Let o be k(6). Calculate the highest common factor of 132 and o.
12
Suppose -4*o - 5*f + 3 = 0, 5*f - 6 = -4*o + o. Let w be (2/o)/(2/(-18)). Calculate the greatest common factor of w and 18.
6
Suppose 64 = 5*h - 96. Calculate the highest common factor of 128 and h.
32
Suppose -3*g + 31 = -8. Calculate the greatest common factor of 91 and g.
13
Suppose -9*c = -5*c - 24. What is the greatest common factor of c and 6?
6
Let j be (3 - 4) + 2 + 13. Suppose -a = -5*o + 1, 26 = a + 2*o + 2*o. What is the greatest common factor of a and j?
14
Let r(d) = d**3 - 17*d**2 + 16*d + 16. Let k be r(16). Calculate the greatest common factor of k and 32.
16
Let a(x) = 2*x**2 - 3*x - 2. Let j be a(3). What is the greatest common divisor of 28 and j?
7
Let k = -13 + 17. Let i be ((-15)/6 - -3)*k. Calculate the greatest common factor of i and 4.
2
Let b(u) = u**2 - 5*u + 17. Let x be b(7). What is the greatest common divisor of x and 217?
31
Suppose 84 = -5*w + 329. Let r = w - 27. Calculate the greatest common divisor of 33 and r.
11
Suppose 5*o = -r + 143, 0 = 5*r - 4*o - 592 - 36. Calculate the greatest common divisor of r and 32.
32
Suppose 9*o - 6*o = 60. What is the greatest common factor of 60 and o?
20
Let v be 7/((-252)/8) + (-33)/(-27). Let q(c) = -2*c**3 + 2*c**2 + 2*c + 1. Let n be q(-1). What is the greatest common factor of n and v?
1
Let d = -59 + 84. Let f(l) = 6*l**2 + 6*l - 5. Let g be f(-6). Calculate the highest common factor of d and g.
25
Let r = 22 - 3. Let i = -32 - -89. Calculate the highest common divisor of i and r.
19
Suppose -5*j - 5*z = -j - 194, z = 4*j - 206. Calculate the highest common divisor of 17 and j.
17
Suppose 10*g - 9 = 7*g. Suppose -2*z - 30 = g*z. Let k be 3/z - (-67)/2. What is the highest common divisor of k and 3?
3
Let t = 51 + -36. Let d(j) = -j**3 - 6*j**2 - 5*j + 5. Let k = -17 + 12. Let y be d(k). Calculate the greatest common factor of t and y.
5
Let o = -1 - -3. Let l = -74 + 43. Let b = 49 + l. What is the greatest common factor of b and o?
2
Suppose -5*o - 5 + 15 = 0. Let u = -5 + 14. Let h = u - 6. Calculate the greatest common divisor of h and o.
1
Let h = 19 + -8. Suppose 0 = -2*r + 40 + 26. Calculate the greatest common factor of h and r.
11
Suppose t = -3*t + 84. Calculate the highest common divisor of 3 and t.
3
Suppose 5*y = 2*f - 195, -f + 5*y = -5*f + 465. Calculate the greatest common divisor of f and 10.
10
Suppose 5*y = 11 - 1. Suppose 3*d = 9, -4*f + 7*d + 345 = y*d. Calculate the greatest common factor of f and 18.
18
Suppose -3*c - 74 = -2*t, 0*c = c. Suppose 2*s = t - 3. Calculate the highest common divisor of 85 and s.
17
Let t = 12 + -4. Let f = 3 + -3. Suppose f*p = q + 5*p - 37, -5*q + 157 = -3*p. Calculate the highest common divisor of t and q.
8
Let a(w) = 61*w + 1. Let l be a(-3). Let q be (-2)/(-4)*l/(-7). Calculate the greatest common factor of 104 and q.
13
Let g(r) = r**3 - 5*r**2 - 9*r - 14. Let c be g(7). Calculate the highest common factor of 14 and c.
7
Suppose 69 = 2*x + 5*v, x + v = 3*x - 87. Calculate the highest common divisor of 105 and x.
21
Let a be (0/5)/(0 + 1). Suppose -5*i + 3*i + 40 = a. What is the highest common divisor of 50 and i?
10
Suppose 3*h + 8*f - 35 = 3*f, -3*h + 25 = -5*f. Calculate the greatest common factor of h and 10.
10
Let n be 66/4*20/15. Let v be ((-4)/6)/((-2)/18). Let r(a) = -a**2 + 7*a - 4. Let y be r(v). What is the greatest common factor of n and y?
2
Let s be (-18)/(-8)*(4 + 172). What is the highest common divisor of 36 and s?
36
Suppose -5*o = i - 47, 4*i + i - 175 = -5*o. What is the greatest common factor of i and 4?
4
Suppose -s - q = 4*q - 9, 5*q = 3*s - 7. Let p be 1/((-4)/3 - -1). Let d be (-2)/p - (-1)/3. Calculate the greatest common divisor of s and d.
1
Let b = -65 + 91. What is the greatest common divisor of 208 and b?
26
Let b = 22 + -17. Suppose 5*d - 394 = -4*i, -b*d = -5*i + 481 - 11. Calculate the greatest common factor of 16 and i.
16
Let b(s) = s**2 + s + 14. Let o be b(0). Let d be (40/o)/((-6)/(-21)). Suppose 0*v = -2*v + 40. What is the greatest common divisor of d and v?
10
Let l be (-1 - 75/(-12))*12. Let d(x) = 2*x - 5. Let n be d(6). Calculate the greatest common divisor of n and l.
7
Let h = 1331 + -303. Let x = -691 + h. Suppose j = 5*j + 3*a - x, -4*j + a = -341. Calculate the highest common factor of 17 and j.
17
Let t = 193 + -121. Calculate the greatest common divisor of t and 9.
9
Suppose -j = 4*j - 65. Let x = 155 + 22. Let o = x + -73. Calculate the highest common factor of o and j.
13
Let c = 46 - 26. What is the highest common factor of 100 and c?
20
Let d(f) = -f**3 + 5*f**2 - 5*f + 4. Let j be d(2). What is the greatest common factor of j and 42?
6
Suppose -2*j - 39 + 41 = 0. Calculate the highest common factor of 2 and j.
1
Let j = 459 + -450. Let f(m) = 2*m - 9. Let s be f(6). What is the highest common factor of s and j?
3
Let d(j) = j**3 + 3*j**2 + 2*j. Let l be d(-2). Suppose -2*u + 2*s + 10 = l, u - 19 + 8 = -2*s. What is the greatest common factor of 28 and u?
7
Suppose 3*f + 74 = 5*f + 3*j, 5*j - 10 = 0. Suppose 5*d + 20 = 0, -y + d = 5*d - f. Calculate the greatest common divisor of 25 and y.
25
Let g = -51 + 90. Let b = -28 + g. What is the greatest common factor of b and 44?
11
Suppose 4*a - 500 = 4*b, -a + 5*a + 3*b - 472 = 0. Calculate the highest common factor of 11 and a.
11
Suppose 5*v + 3*w = 2*w + 554, -3*w + 12 = 0. Let z = -149 + 285. Let f be z/12 - (-3)/(-9). What is the greatest common divisor of v and f?
11
Let r = -10 - -2. Let b = r + 28. Calculate the highest common divisor of 5 and b.
5
Let t be 0 + 5 - 3/1. Suppose -t*z - 16 = -5*k - z, 4*